igit of (26/3)/(w/(-12))?
3
Let p(z) = 2*z - 9. Let f be p(6). Let d = 12 + -6. Suppose -i = f - d. What is the units digit of i?
3
Let r(g) = g**2 + g - 11. Let q be r(0). Suppose x = 4*m + 84, m + 11 + 27 = -4*x. Let u = q - m. What is the tens digit of u?
1
Let h be -5*(24/15)/(-4). Let x = h - 8. Let v = x + 14. What is the units digit of v?
8
Let h(k) = -5 - 2 - 4*k + 3 - k. What is the tens digit of h(-3)?
1
Let j = 3 + -4. What is the units digit of (1 - -5)*2 - j?
3
Suppose 0*c - 4*c + 36 = 0. What is the units digit of -1 - (c - 3)*-1?
5
What is the units digit of 20/6*(3 + 3)?
0
Suppose 4*t - 37 - 7 = 0. Suppose 21 = 4*u - t. What is the units digit of u?
8
Let w = 21 + 26. What is the units digit of w?
7
Let d(j) = -j + 6. What is the units digit of d(5)?
1
Let v(z) = 2*z**3 + 2*z**2 - 1. Let w be v(1). Suppose r - 20 = -2*i + 4*r, i - 12 = 2*r. Suppose -w = -i*x + 9. What is the units digit of x?
3
Suppose -61*k = -56*k - 1110. What is the tens digit of k?
2
Let q(n) = -21*n + 3*n + n - 1. What is the units digit of q(-1)?
6
Let v(w) = w**3 + w**2 + 1. Let b be v(0). What is the units digit of -2*(1 - (1 + b))?
2
Let i(d) = d**3 - 3*d**2 + d + 7. Let u(c) = c**3 - 2*c**2 + c + 8. Let o(j) = -4*i(j) + 3*u(j). What is the tens digit of o(5)?
1
Suppose -2*x + 0*x - 10 = 0. Let s(d) = d**3 + 6*d**2 - 4*d - 7. What is the units digit of s(x)?
8
What is the tens digit of 31*(-2)/4*-2?
3
What is the units digit of 726/66 + (2 - 2/(-2))?
4
Suppose 4*r - 45 = r. Let y(z) = -z**2 - z - 10. Let a be y(0). Let u = a + r. What is the units digit of u?
5
Suppose 5*d - 150 + 0 = 0. Let l = d - 16. What is the tens digit of l?
1
Let u be (-1)/(2/(-2)*1). What is the units digit of (-15)/(-2)*(1 + u)?
5
Let f = -116 + 212. What is the tens digit of f?
9
Suppose -w = -3*a - 27 - 27, -3*a = -4*w + 180. What is the units digit of w?
2
Let h(j) = j**3 - 6*j**2 + 5. Let n be h(6). Suppose 65 = n*i - 10. What is the units digit of i?
5
Let c(a) = a**3 - 5*a**2 + 3*a + 3. Let w be c(4). Let t = 0 + w. Let f(h) = 6*h**2 + 1. What is the units digit of f(t)?
7
Let p(f) = -f + 12. Let m be p(9). Suppose -m*t + 12 = -t + 3*h, 0 = 2*t - 4*h + 16. Let j = t + 2. What is the units digit of j?
2
Suppose -52 = -2*a + 8. What is the units digit of a?
0
Let b(d) = -75*d + 3. What is the tens digit of b(-1)?
7
Let f(m) = m**2 - m + 3. Let r be f(0). Suppose -2*u + r*l + 37 = 0, 3*u - 2*u - 19 = l. Let n = u - 4. What is the units digit of n?
6
Suppose -p + 7 = -a, -3*a - 4*p + 0*p = 7. Let z = a + 8. Suppose -z + 24 = 3*x. What is the units digit of x?
7
Let c be 6/2 + -2 + 3. Suppose -105 = -6*p + 3*p. Suppose c*j - p = -j. What is the units digit of j?
7
Let s = -76 - -114. What is the tens digit of s?
3
Let s(y) = y + 8. Let l be s(-6). Let g(j) = -3*j + 6. Let x(v) = -4*v + 9. Let w(p) = -8*g(p) + 5*x(p). What is the units digit of w(l)?
5
What is the tens digit of 1360/36 - (-6)/27?
3
Let l be (-24)/5 + 2/(-10). Let r = l + 13. What is the units digit of r?
8
Let k be (-4)/(-16) + (-19)/(-4). Suppose -2*y = 4*z - 7*y - 18, -k*z + 20 = -5*y. What is the units digit of z?
2
Suppose 2*d - 488 = -3*r, 5*r - 5*d = -3*d + 824. What is the hundreds digit of r?
1
Suppose -5*a - 12 + 37 = 0. Let l be 153/21 + 2/(-7). Let j = l - a. What is the units digit of j?
2
Suppose -5*z + 9 + 46 = 0. What is the tens digit of z?
1
Let p be 2/(-2)*(-26 - -3). Suppose 0 = -5*t + 6*i - 5*i + p, -3*t = -5*i - 27. Suppose 9 = -u + t*u. What is the units digit of u?
3
Let h be (0 + -2)/(-2)*-1. Suppose -2*n + 18 = 3*v - 2, -2*v = -4*n - 24. Let l = h + v. What is the units digit of l?
7
Let k(j) = 4*j - 7. Let y be (-4)/7 + (-276)/(-42). What is the tens digit of k(y)?
1
What is the tens digit of (5/4)/(-5) - (-794)/8?
9
Let y = 13 - -2. What is the tens digit of y?
1
Let y be -1*(1 + 1 + 3). Let q = y + 4. What is the units digit of -2*(0 - 1) + q?
1
Let s(h) be the third derivative of -h**5/60 + 8*h**3/3 - 3*h**2. What is the units digit of s(0)?
6
Let n = 10 + -11. Let a(s) = -3*s**3 - 2*s**2 - s. Let g be a(n). What is the units digit of (-1 - g)/3*-12?
2
Let t(y) = -2*y - 3*y + y + y**2 - 4 + 5*y. What is the units digit of t(-3)?
2
Let y(q) = q**2 - 7*q - 5. Let x be y(4). Let n = -7 - x. What is the tens digit of n?
1
Suppose 5*q + 0*w - w = 15, 4*w = 5*q - 30. What is the tens digit of 6*q/8*26?
3
Let w = -48 - -107. What is the tens digit of w?
5
Let a(w) = w**2 + 3*w + 1. Let i be a(-3). Let p = i + 3. What is the units digit of p?
4
Let p be (-1)/4 + (-147)/(-12). Let b = 20 - p. Suppose -l + 8 = -b. What is the tens digit of l?
1
Suppose -2*d - 27 = 13. Let n = 49 + d. What is the units digit of n?
9
Suppose 0 = 5*j + 5*p - 5, 2*p - 1 = j + 10. What is the tens digit of (-3)/((27/42)/j)?
1
Suppose 0 = -5*v + 623 + 162. Suppose -p + 4*p = 4*j + 134, 4*p - j - v = 0. What is the units digit of p?
8
What is the units digit of -1 - (4 - 24) - 1?
8
Suppose 80 = 2*q - 10. What is the units digit of q?
5
Suppose 43 = 4*z - 25. Let r = 29 - z. What is the tens digit of r?
1
What is the units digit of 262/3 + 2/3?
8
Let o(b) = b**2 + 9*b + 12. What is the units digit of o(-11)?
4
Let p(o) = o + 3. Let n be p(7). Suppose i + n = 3*i. What is the units digit of i?
5
Let p = 4 + -1. Suppose 4*v - 59 = -q, -p*v + 6*v - 3*q = 63. What is the units digit of v?
6
Let m = 1 - 1. Suppose m = -0*y + y - 1. What is the units digit of (1 - 2)*(-3 + y)?
2
Let n(c) = 4*c**3 - c. Let t be n(-1). Let p = t - -5. Suppose g = 3*g - 3*k - 10, 0 = p*g - 5*k - 14. What is the units digit of g?
2
Let b = 15 - 3. Suppose b = -3*z + 3*p, 4 = 4*z + 5*p - 16. Suppose z = h + 1, 5*r - 6 = -3*h + 6. What is the units digit of r?
3
Suppose 2*a + 3*a - 25 = 0. Suppose h - 43 = -2*u - 0*h, 0 = -u + a*h + 49. What is the units digit of u?
4
Let g(o) = -2*o - 15. What is the tens digit of g(-17)?
1
What is the hundreds digit of (10188/(-45) + (-4)/(-10))*-1?
2
Let i(b) = -6*b - 4. Suppose -3*z - 11 = -5. What is the units digit of i(z)?
8
Let r(c) = -2*c + 17. Let s be r(7). Suppose 6*a + 6 = s*a, a + 12 = 5*n. What is the units digit of n?
2
Let p be 2/(-4)*(1 - 5). Suppose p*o + 28 = 2*z, -3*o + 5 = -4*z + 59. What is the units digit of z?
2
Let r(s) = 9*s**2 + 2*s. Let c be r(2). Let m = c + -28. What is the units digit of m?
2
What is the tens digit of ((-148)/(-6))/(12/18)?
3
Let q = 41 - -15. Suppose -3*x = -x - q. What is the tens digit of x?
2
Let v = 2 + 0. Suppose -2*a + 18 = a. What is the units digit of v/a - (-6)/9?
1
Suppose -l = -4*u - 14, 3*l + 0*l + 4*u = 10. Let q = l - -37. What is the units digit of q?
3
Suppose -a - r = -14, -2*a - 5*r - 70 = -7*a. What is the tens digit of a?
1
Let h be ((-3)/2)/(18/(-192)). Suppose 5*z - h = z. What is the units digit of z*(-2 - 26/(-8))?
5
Let a = -3 + 7. Suppose -2*n + 1 - 7 = 5*v, -12 = a*n + 3*v. What is the units digit of 7*1 + (n - -4)?
8
Suppose 0 = -12*d + 8*d + 504. What is the tens digit of d?
2
What is the tens digit of (-7189)/(-42) + (-2 - 22/(-12))?
7
Let h = -1 - -1. Suppose 5*k + 4*d - 6 - 23 = 0, h = 4*d - 4. Suppose -k*w + 35 = 5*q, 0*q + w = 4*q - 23. What is the units digit of q?
6
Let u(b) = -b**3 - b**2 - 1. Let h(t) = 3*t**3 - 6*t**2 - t + 13. Let g(o) = h(o) + 2*u(o). What is the units digit of g(8)?
3
Let v(h) = -h**3 + 6*h**2 + 2*h + 4. What is the units digit of v(-5)?
9
Suppose 4*f - 25 = -1. Let r = f - 4. What is the units digit of r?
2
Let d(g) = 2*g + 5*g + g. Let l be d(-2). What is the tens digit of -2 - (-2 + l + 1)?
1
Let y = -11 - -38. Suppose 0*t + 4*t - y = d, 3*d = 5*t - 32. What is the units digit of t?
7
Let m(p) = 3*p - 13. Suppose 0 = 2*x + l - 13, -5*l = x - 0*x - 11. What is the units digit of m(x)?
5
Let n(i) = -2*i + 5. Let s be n(5). Let z(b) = b**3 + 4*b**2 - 6*b - 1. What is the units digit of z(s)?
4
Let i = 15 - -186. What is the tens digit of i?
0
Suppose -4*z + 41 = 13. Suppose y + q + z = 2*y, -27 = -4*y + 3*q. What is the units digit of y?
6
Let d = -42 - -79. What is the units digit of d?
7
Let r(o) = o + 24. Let x(n) = 2. Let y(v) = -2*r(v) + 22*x(v). Let w be y(-5). What is the units digit of (2/w)/((-5)/(-45))?
3
Let q = 84 - 73. What is the units digit of q?
1
Let a = 208 + -95. What is the unit